 a = -i + 3, -3*i - 11*a + 13 = -10*a. What is the remainder when 32 is divided by i?
2
Let h = 5 - -1. Let k be (10 - 46)*(-22)/h. Suppose 3*p + 4*w - k = -p, p = -2*w + 34. What is the remainder when p is divided by 17?
15
Let r = 32 - 24. Let a = -6 + 6. Suppose a*s = -4*s + 52. What is the remainder when s is divided by r?
5
Let l = 14 + -9. Suppose -4*s + 0*s - 12 = l*t, -4*t - 12 = 4*s. Suppose -16 = -b - t. Calculate the remainder when 31 is divided by b.
15
What is the remainder when 1/(-5*1/(-305)) is divided by 17?
10
What is the remainder when 59 is divided by (175/70)/((-1)/(-2)) - -20?
9
Let x(w) = -2*w**3 - 5*w**2 - 3*w + 2. Let u = 41 - 20. Suppose 2*d - 5*p = -d + 21, 3*d - p - u = 0. What is the remainder when x(-3) is divided by d?
6
Suppose 19*q = 18*q + 2. Calculate the remainder when 45 is divided by q/(-8) - (-195)/12.
13
Let y = 7 + -7. Suppose t - 4 = -y*t. Suppose -t*u - 5*f + 137 = 0, -4*f + 72 = 2*u + 8. Calculate the remainder when u is divided by 13.
12
Suppose -4*i = 4, 0 = -5*r + i + 2*i + 38. Let t(c) = 2*c + 30. Let m be t(-13). Suppose -m*w = -0 - 104. Calculate the remainder when w is divided by r.
5
Suppose 119 = 2*j - k, j + 4*k = -2*j + 151. Suppose j = 5*w - 208. Calculate the remainder when w is divided by 14.
11
Suppose -4*t + 5*t - 61 = 0. Let z(p) = -25*p + 121. Calculate the remainder when t is divided by z(4).
19
Let n = -9 - -6. Let z(b) = -b**3 - 2*b**2 - 3*b - 3. Let h(x) = 2*x + 62. What is the remainder when z(n) is divided by h(-29)?
3
Let j(f) = -11*f**3 + f**2 - 7*f - 7. Calculate the remainder when 1295 is divided by j(-1).
11
Let x = -9 - -17. Let b(h) = -h**3 + 8*h**2 + 5*h - 19. What is the remainder when b(x) is divided by 1/1*22/2?
10
Suppose -3*a = -3*q - 3, -4*q - 5 = -5*a - 0. Suppose a = k + 2*l, -4 + 10 = 2*k + 2*l. Calculate the remainder when k is divided by 2.
1
Let s(r) = r**3 - 3*r**2 + 27*r + 21. What is the remainder when s(8) is divided by 56?
53
Let w = -29 - -31. Suppose c = 4*u + 796, -369 - 15 = w*u + 3*c. Calculate the remainder when 24 is divided by u/(-24) - (-6)/8.
6
Let c = 1846 - 1285. Suppose -13*l + 2*l = -c. What is the remainder when l is divided by 26?
25
Let r(a) = -a + 4. Let f be r(4). Suppose f = 2*o - 3*o + 7. Let y(j) = -j**3 + 10*j**2 - 8*j - 5. What is the remainder when o is divided by y(9)?
3
Let j = 687 + -463. Calculate the remainder when j is divided by 57.
53
Let y(q) = 55*q**2 - 2*q + 1. Let n(w) = w**3 - 7*w**2 + 7*w - 5. Let h be n(6). Let a = 5 - -14. What is the remainder when y(h) is divided by a?
16
Suppose 0 = 6*d - 4*d - 76. Let b = d + -1. Suppose 4*f - 1 = 2*z - 25, 3*f = -6. What is the remainder when b is divided by z?
5
Let a = 416 - 354. Calculate the remainder when 132 is divided by a.
8
Let b = -29 + 43. Let p(j) = -j**2 + 11*j - 19. Let g be (11/2 + -2)*2. What is the remainder when b is divided by p(g)?
5
Let s be (-1)/(2 - (-44)/(-20)). Suppose -7*x = -s*x - 36. What is the remainder when 51 is divided by x?
15
Let p = 82 + -32. Let y = -9 + p. Let j = y + -17. What is the remainder when j is divided by 9?
6
Let v = 109 + -189. Let q be ((-4)/(-1) + -2)*68. Let b = v + q. What is the remainder when b is divided by 19?
18
Calculate the remainder when 158 is divided by 8/12*18*2.
14
Let c(d) = -d + 7. Let b be c(-13). Suppose 4*a + 3*v = v, 0 = -2*a + 4*v + b. Suppose a*f - 141 = -f. Calculate the remainder when f is divided by 17.
13
Suppose -19*f = -125 - 65. What is the remainder when 30 is divided by f?
0
Suppose -11799 = -93*c - 78*c. Suppose 0 = 2*d + 3*d - 90. Calculate the remainder when c is divided by d.
15
Suppose 2*w - 3*o = -0*w - 17, -5 = 5*o. Let j = w + 26. What is the remainder when j is divided by 5?
1
Let t = -158 - -176. Calculate the remainder when 2014 is divided by t.
16
Let j(z) = 8*z + 5*z - 3*z + 1. Suppose -5*f + 185 = 5*w, w - 5*f = 12 - 5. Calculate the remainder when w is divided by j(1).
10
Let z = -815 - -1299. Calculate the remainder when z is divided by 61.
57
Let h be 12/(-30) - 407/(-5). Let f = h - 17. Calculate the remainder when f is divided by 22.
20
Let s = -19 + -16. Suppose 2*a + 4*y - 52 = 0, 2*y = 5*a - 162 + 8. Calculate the remainder when a is divided by (-110)/(-7) + (-10)/s.
14
Let g(k) = 2*k**2 + 7*k + 1. Let x be g(-5). Suppose x*m - 8 = 15*m. Calculate the remainder when m is divided by 5.
3
Let s be ((-56)/12)/7*-18. Let y(k) = 8*k - 11. Calculate the remainder when y(s) is divided by 22.
19
Suppose -7*i + 11 = -3. Let a = 9 - 4. Suppose i*c = c + a, 0 = 2*f - 5*c - 1. What is the remainder when 24 is divided by f?
11
Let h = 29 - -59. What is the remainder when h is divided by 6?
4
Let o(c) = -c**3 - 11*c**2 + 11*c - 9. Let b be o(-12). Suppose -w - 5*z = 0, 6*z - b*z + 9 = 0. Calculate the remainder when w is divided by 9.
6
Suppose 0 = -7*b + 4 + 108. What is the remainder when 271 is divided by b?
15
Suppose 0 = 2*d - 10, 3*g - 113*d + 112*d - 139 = 0. Calculate the remainder when 178 is divided by g.
34
Let r = 369 - 349. Calculate the remainder when 65 is divided by r.
5
Suppose 10*o = 9*o. Suppose r - 4*r - 36 = o. Let m = r - -51. What is the remainder when m is divided by 20?
19
Let c be (-9)/(-5)*120/18. What is the remainder when 36 is divided by 0 + 12 - c/6?
6
Let z(y) = y**3 - 34*y**2 - 32*y - 79. Calculate the remainder when 94 is divided by z(35).
16
Suppose -15*m + 18*m = h + 29, -5*h - 37 = -3*m. Calculate the remainder when m is divided by -3*(-2 - (-1)/(-3)).
2
Let z be (-3)/((-6)/4) + 0. Let s = 643 + -638. Suppose -s*w - 2*r = -r - 34, r = w - z. Calculate the remainder when 27 is divided by w.
3
Let z = 273 + 31. Calculate the remainder when z is divided by 18.
16
Suppose -4*k + 6 = 3*r, -r = 4*k - 3*k - 2. Calculate the remainder when 45 is divided by r.
1
Let c be (4 + 2)*(2 - 1). Let p be 5 - (c/1 + -3). Suppose -3*z = 2*x - 49, -p*z = x + 3*z - 42. What is the remainder when x is divided by 10?
7
Let h(b) = b**3 - 3*b**2 - 15*b + 2. What is the remainder when 112 is divided by h(6)?
12
Suppose 0 = -16*j + 5*j + 1221. Suppose 5*m - 3*a = 64, 37*m + 2*a = 34*m + 46. Calculate the remainder when j is divided by m.
13
Let m = -5552 + 5570. Let o = 112 + -80. Calculate the remainder when o is divided by m.
14
Let n = -84 - -89. Suppose 8*g - 225 = n*g. Calculate the remainder when g is divided by 19.
18
Suppose 4*o - 3*b = 6, o = -o + b + 4. Let h = -97 + 106. Calculate the remainder when h is divided by o.
0
Suppose z = 5*z - 8. Suppose n - 4*t = 10, n - 2 = 3*t + 4. Let m = n - -7. What is the remainder when z is divided by m?
0
Calculate the remainder when 0 - (-2 - -3 - 436) is divided by 88.
83
Suppose 0 = -16*n + 17*n + 5. Let h(w) = -6*w - 6. Let l(k) = 2*k**2 - 5*k + 2. What is the remainder when l(6) is divided by h(n)?
20
Let z(a) = -a**2 - 39*a - 131. Calculate the remainder when z(-35) is divided by 3.
0
Suppose 7*k + 159 = -261. Suppose 15 = w - 1. Calculate the remainder when 50/(-2)*k/25 is divided by w.
12
Suppose -14 = -r + 1. Let k = 1289 - 1261. What is the remainder when k is divided by r?
13
Let f(v) = 10*v. Let n be f(6). Suppose -3*y = 3*y - n. What is the remainder when 47 is divided by y?
7
Let g(o) = -o**3 + 7*o**2 + 11*o - 29. What is the remainder when 437 is divided by g(6)?
72
Let r = 382 + -332. What is the remainder when r is divided by 44?
6
Suppose 2 - 47 = -3*s. Let p(g) = -2*g + 35. Calculate the remainder when (2 - (-4 - 2)) + 0 is divided by p(s).
3
Suppose 2*f = -c + 276, 238 = 2*c - 4*f - 346. Calculate the remainder when c is divided by 19.
18
Calculate the remainder when 152 is divided by ((-10)/4)/((-24)/128)*3.
32
Let b be 1*2 + (9 - 8). Let l(j) = j**2 - j + 1. Let u be l(b). Let g(p) = -p**3 + 8*p**2 - 3*p + 9. What is the remainder when g(u) is divided by 10?
7
Let t(z) = 6*z**2 - 3*z + 2*z**3 + 2 - 4*z**2 + 0*z. Let c be t(3). Let b = c + -37. Calculate the remainder when 111 is divided by b.
27
Let k = 339 - 285. Calculate the remainder when k is divided by 30.
24
Suppose 5*f + 4*j - 1 = 28, -5*f - j + 26 = 0. Let m = 11 + -6. Suppose m*a - 2*a = 3, -f*z + 3*a + 42 = 0. What is the remainder when 26 is divided by z?
8
Suppose 2*n - 192 - 50 = 2*m, -373 = -3*n + 5*m. Calculate the remainder when n is 